 prime?
False
Is 28117 prime?
False
Is 4283 a prime number?
True
Is 8263 composite?
False
Is 37029 composite?
True
Is 16909 a prime number?
False
Is 20477 a prime number?
True
Is 1077 a composite number?
True
Is 13217 a composite number?
False
Is 7043 composite?
False
Is 628369 composite?
True
Is 40822 prime?
False
Is 92339 composite?
True
Is 1432363 a composite number?
False
Is 371 composite?
True
Is 424397 composite?
False
Is 18527 a composite number?
True
Is 13389 a composite number?
True
Is 23369 a prime number?
True
Is 7438 a composite number?
True
Is 26453 prime?
False
Is 975977 prime?
True
Is 3661 a prime number?
False
Is 14251 a composite number?
False
Is 33479 a prime number?
True
Is 12817 a composite number?
True
Is 83773 composite?
False
Is 107563 a composite number?
False
Is 1087 a composite number?
False
Is 20557 prime?
False
Is 14545 composite?
True
Is 344111 a composite number?
False
Is 15278 prime?
False
Is 317071 a composite number?
False
Is 635 composite?
True
Is 37649 prime?
True
Is 251035 a prime number?
False
Is 6971 a prime number?
True
Is 4645 prime?
False
Is 12251 composite?
False
Is 10541 composite?
True
Is 60371 prime?
False
Is 379 a composite number?
False
Is 3833 composite?
False
Is 2554 prime?
False
Is 4565543 composite?
False
Is 10231 a composite number?
True
Is 2240543 composite?
True
Is 139567 a prime number?
False
Is 5201 prime?
False
Is 11359 a composite number?
True
Is 3019 prime?
True
Is 17773 a composite number?
True
Is 662513 prime?
True
Is 15403 a prime number?
False
Is 2097757 composite?
False
Is 334541 a prime number?
True
Is 30983 composite?
False
Is 28895 composite?
True
Is 78041 prime?
True
Is 49618 a composite number?
True
Is 177101 prime?
True
Is 15227 composite?
False
Is 24331 composite?
True
Is 18037 prime?
False
Is 652159 a prime number?
False
Is 110557 composite?
False
Is 417887 a composite number?
True
Is 45481 a prime number?
True
Is 905 a composite number?
True
Is 2769121 prime?
True
Is 63577 prime?
True
Is 21709 a prime number?
False
Is 26069 a prime number?
False
Is 30227 a prime number?
False
Is 71419 composite?
False
Is 2323 prime?
False
Is 2086807 a composite number?
True
Is 177677 prime?
True
Is 20199 composite?
True
Is 60985 composite?
True
Is 1278547 prime?
False
Is 19667 a composite number?
True
Is 209809 a prime number?
True
Is 183247 a prime number?
True
Is 5111 prime?
False
Is 71119 composite?
False
Is 1481333 a prime number?
False
Is 1147 a prime number?
False
Is 899 prime?
False
Is 686267 prime?
True
Is 1120349 a composite number?
False
Is 282227 a composite number?
True
Is 54919 a prime number?
True
Is 57083 prime?
False
Is 1052993 a composite number?
False
Is 304687 composite?
False
Is 179701 a prime number?
False
Is 41401 a composite number?
True
Is 42647 a composite number?
True
Is 8819 prime?
True
Is 884207 prime?
False
Is 59845 a composite number?
True
Is 31273 prime?
False
Is 24883 a composite number?
True
Is 102667 composite?
False
Is 770519 a prime number?
True
Is 677 composite?
False
Is 36433 a composite number?
False
Is 7411 a prime number?
True
Is 69682 a prime number?
False
Is 7993 prime?
True
Is 2637859 a prime number?
False
Is 1388479 a composite number?
False
Is 12419 a prime number?
False
Is 235997 a prime number?
True
Is 524177 prime?
False
Is 1893 prime?
False
Is 98621 a prime number?
True
Is 943105 prime?
False
Is 199081 composite?
False
Is 107039 composite?
True
Is 195387 a composite number?
True
Is 897721 a composite number?
True
Is 57811 prime?
False
Is 16322 a composite number?
True
Is 7177 prime?
True
Is 10493 prime?
False
Is 7321 composite?
False
Is 9411 a composite number?
True
Is 572293 a prime number?
False
Is 121879 a composite number?
True
Is 1269589 composite?
False
Is 24257 prime?
False
Is 593053 composite?
True
Is 15037 prime?
False
Is 4829 prime?
False
Is 505 prime?
False
Is 214601 composite?
True
Is 1657 prime?
True
Is 13033 a composite number?
False
Is 98317 prime?
True
Is 308411 a prime number?
True
Is 1091 a prime number?
True
Is 167057 composite?
True
Is 3761 composite?
False
Is 35759 a composite number?
False
Is 64817 composite?
False
Is 49151 a composite number?
True
Is 229799 composite?
False
Is 5879 a composite number?
False
Is 24809 prime?
True
Is 900193 a composite number?
True
Is 461449 prime?
False
Is 209081 a prime number?
False
Is 1043059 prime?
False
Is 691 prime?
True
Is 91013 a composite number?
True
Is 65519 a prime number?
True
Is 13283 a prime number?
False
Is 95293 prime?
False
Is 118603 composite?
False
Is 220855 composite?
True
Is 416443 a composite number?
False
Is 3275723 a composite number?
True
Is 114883 prime?
True
Is 1800341 a prime number?
True
Is 15986 prime?
False
Is 419 a composite number?
False
Is 9673 a prime number?
False
Is 13387 a composite number?
True
Is 464957 prime?
False
Is 470863 a prime number?
True
Is 2032237 prime?
True
Is 2846 a composite number?
True
Is 62753 a prime number?
True
Is 10487389 a composite number?
True
Is 583 a prime number?
False
Is 13577 prime?
True
Is 469615 a composite number?
True
Is 18283 a composite number?
True
Is 20431 composite?
False
Is 267227 a prime number?
True
Is 8053 prime?
True
Is 78091 composite?
True
Is 75967 composite?
False
Is 595811 prime?
False
Is 13633 composite?
False
Is 1400083 prime?
False
Is 468542 a composite number?
True
Is 440767 a prime number?
False
Is 492281 prime?
True
Is 128759 composite?
True
Is 74033 a prime number?
False
Is 16355 a composite number?
True
Is 106345 composite?
True
Is 13814 composite?
True
Is 86677 composite?
False
Is 1163467 a composite number?
False
Is 2933143 a composite number?
False
Is 186917 a composite number?
False
Is 6469 prime?
True
Is 4499 composite?
True
Is 12847 prime?
False
Is 4033 composite?
True
Is 143441 a prime number?
False
Is 5249 prime?
False
Is 187969 composite?
True
Is 235483 composite?
False
Is 37255 prime?
False
Is 70145 a composite number?
True
Is 64357 a prime number?
False
Is 72251 composite?
False
Is 26665 a prime number?
False
Is 913309 prime?
True
Is 10063 prime?
False
Is 15439 composite?
False
Is 8263 a composite number?
False
Is 7033 composite?
True
Is 88937 composite?
False
Is 238463 a prime number?
True
Is 230995 prime?
False
Is 28949 prime?
True
Is 25697 a composite number?
True
Is 16078 a prime number?
False
Is 6779 a prime number?
True
Is 4037 prime?
False
Is 102423 prime?
False
Is 9346 composite?
True
Is 468641 prime?
True
Is 30757 a composite number?
False
Is 395377 prime?
True
Is 2017885 a prime number?
False
Is 8263 composite?
False
Is 10111 composite?
False
Is 6959 composite?
False
Is 1901 composite?
False
Is 73993 a prime number?
False
Is 1262 composite?
True
Is 181499 prime?
True
Is 2927 a prime number?
True
Is 10751 a prime number?
False
Is 233591 a prime number?
True
Is 523019 prime?
False
Is 256607 prime?
False
Is 7934 composite?
True
Is 156263 prime?
False
Is 2378191 a composite number?
False
Is 158303 a composite number?
False
Is 394879 a prime number?
True
Is 25439 composite?
False
Is 1087 prime?
True
Is 89887 composite?
True
Is 48337 composite?
False
Is 45517 a prime number?
False
Is 70717 prime?
True
Is 2479 a prime number?
False
Is 52913 a composite number?
True
Is 40231 a prime number?
True
Is 3089 prime?
True
Is 29413 prime?
False
Is 9127 prime?
True
Is 1994 prime?
False
Is 311471 prime?
False
Is 3188077 a composite number?
False
Is 14101 a composite number?
True
Is 5581 a composite number?
False
Is 6185 a prime number?
False
Is 6433 prime?
False
Is 153931 a prime number?
False
Is 1144414 a composite number?
True
Is 2197751 composite?
True
Is 108209 prime?
False
Is 75805 a prime number?
False
Is 15013 composite?
False
Is 15357 a prime number?
False
Is 1151 prime?
True
Is 32397 a composite number?
True
Is 12842 composite?
True
Is 1045399 prime?
False
Is 1304783 prime?
True
Is 1657 a composite number?
False
Is 72097 composite?
True
Is 69781 a prime number?
False
Is 9183 a composite number?
True
Is 1979477 a prime number?
False
Is 12929 composite?
True
Is 1088771 composite?
True
Is 40031 a prime number?
True
Is 6977 composite?
False
Is 191 a prime number?
True
Is 269237 prime?
True
Is 1107973 composite?
True
Is 15937 a composite number?
False
Is 235783 composite?
False
I